{"id":569,"date":"2024-06-07T19:52:15","date_gmt":"2024-06-07T18:52:15","guid":{"rendered":"https:\/\/www.academiebach.com\/?page_id=569"},"modified":"2025-03-11T23:50:12","modified_gmt":"2025-03-11T22:50:12","slug":"mardi-1er-avril-2025","status":"publish","type":"page","link":"https:\/\/www.academiebach.com\/index.php\/mardi-1er-avril-2025\/","title":{"rendered":"Mardi 1er avril 2025"},"content":{"rendered":"\n<p class=\"has-large-font-size\">Quatuor Prom\u00e9th\u00e9e &#8211; Concert<\/p>\n\n\n\n<p>A 20h30 en l\u2019\u00c9glise Sainte-Clotilde du Bouscat<\/p>\n\n\n<div class=\"wp-block-image is-style-default\">\n<figure class=\"aligncenter size-full\"><img decoding=\"async\" loading=\"lazy\" width=\"1600\" height=\"1066\" src=\"https:\/\/www.academiebach.com\/wp-content\/uploads\/2024\/06\/PHOTO-2024-05-14-17-06-17.jpg\" alt=\"\" class=\"wp-image-563\" srcset=\"https:\/\/www.academiebach.com\/wp-content\/uploads\/2024\/06\/PHOTO-2024-05-14-17-06-17.jpg 1600w, https:\/\/www.academiebach.com\/wp-content\/uploads\/2024\/06\/PHOTO-2024-05-14-17-06-17-300x200.jpg 300w, https:\/\/www.academiebach.com\/wp-content\/uploads\/2024\/06\/PHOTO-2024-05-14-17-06-17-1024x682.jpg 1024w, https:\/\/www.academiebach.com\/wp-content\/uploads\/2024\/06\/PHOTO-2024-05-14-17-06-17-768x512.jpg 768w, https:\/\/www.academiebach.com\/wp-content\/uploads\/2024\/06\/PHOTO-2024-05-14-17-06-17-1536x1023.jpg 1536w, https:\/\/www.academiebach.com\/wp-content\/uploads\/2024\/06\/PHOTO-2024-05-14-17-06-17-620x413.jpg 620w\" sizes=\"(max-width: 1600px) 100vw, 1600px\" \/><\/figure><\/div>\n\n\n<p><sub>Cr\u00e9dit photo : Ga\u00eblle Hamelian-Testud<\/sub><\/p>\n\n\n\n<p>Le<strong> Quatuor Prom\u00e9th\u00e9e<\/strong> est un ensemble de musiciens tous membres de l&rsquo;Orchestre National Bordeaux Aquitaine<strong> <\/strong>d\u00e9sireux d&rsquo;approfondir et d&rsquo;enrichir leur exp\u00e9rience d&rsquo;orchestre par la pratique de la musique de chambre. C&rsquo;est \u00e0 l&rsquo;occasion de projets artistiques communs au sein de l&rsquo;Op\u00e9ra National de Bordeaux que leurs affinit\u00e9s musicales \u00e9videntes ont abouti \u00e0 la cr\u00e9ation de ce Quatuor qui aborde tous les styles, de Haydn jusqu&rsquo;\u00e0 aujourd&rsquo;hui, avec passion et enthousiasme.<\/p>\n\n\n\n<p>Depuis sa naissance en 2009, le Quatuor Prom\u00e9th\u00e9e donne de nombreux concerts \u00e0 Bordeaux et en Aquitaine. Il participe r\u00e9guli\u00e8rement \u00e0 divers projets comme \u00ab<em>Ma voix et toi<\/em>\u00bb avec les ch\u0153urs de l\u2019Op\u00e9ra National de Bordeaux, \u00ab <em>Petites musiques de nuit et le Passager<\/em> \u00bb avec la compagnie Florence Lavaud ou encore \u00ab <em>Quatre tendances<\/em> \u00bb, partageant la sc\u00e8ne avec le ballet de l\u2019Op\u00e9ra National de Bordeaux pour \u00ab <em>If to leave is to remember <\/em>\u00bb de Carolyn Carlson ou \u00ab <em>Cacti <\/em>\u00bb d\u2019Alexander Ekman. Le Quatuor Prom\u00e9th\u00e9e n&rsquo;h\u00e9site pas \u00e0 \u00e9largir son r\u00e9pertoire en s&rsquo;associant \u00e0 des artistes tels que Philippe Cassard, Dag Jensen, Marc Tr\u00e9nel, Dominique Descamps, Thomas Duran, S\u00e9bastien Batut&#8230; et a cr\u00e9\u00e9 en mai 2014, le Quatuor \u00ab <em>Empreintes<\/em> \u00bb de Baptiste Trotignon, commande de l&rsquo;Op\u00e9ra National de Bordeaux. Lors de la saison 2022\/2023, le quatuor Prom\u00e9th\u00e9e a \u00e9t\u00e9 invit\u00e9 par le Quatuor Modigliani \u00e0 participer au festival <em>Vibre ! <\/em>ainsi que dans la saison musicale de Cath\u00e9dra en tant que quatuor r\u00e9sident pour un cycle Schubert.<\/p>\n\n\n\n<p><\/p>\n\n\n\n<p><strong>Programme :<\/strong><\/p>\n\n\n\n<p>Felix Mendelssohn &#8211; Maurice Ravel<\/p>\n\n\n\n<p><strong>ACHAT DES BILLETS :<\/strong><\/p>\n\n\n\n<p>R\u00e9servation (recommand\u00e9e) : <br>&#8211; via la plateforme HelloAsso : <a href=\"https:\/\/www.helloasso.com\/associations\/association-academie-bach\/evenements\/quatuor-promethee\">Quatuor Prom\u00e9th\u00e9e &#8211; Concert<\/a><br>&#8211; \u00e0 la Machine \u00e0 Musique&nbsp;: 15 rue du Parlement-Sainte-Catherine, Bordeaux&nbsp;&#8211; 05 56 44 81 53<br>&#8211; sur place le soir du concert (CB accept\u00e9e)<\/p>\n\n\n\n<p><\/p>\n","protected":false},"excerpt":{"rendered":"<p>Quatuor Prom\u00e9th\u00e9e &#8211; Concert A 20h30 en l\u2019\u00c9glise Sainte-Clotilde du Bouscat Cr\u00e9dit photo : Ga\u00eblle Hamelian-Testud Le Quatuor Prom\u00e9th\u00e9e est un ensemble de musiciens tous membres de l&rsquo;Orchestre National Bordeaux Aquitaine d\u00e9sireux d&rsquo;approfondir et d&rsquo;enrichir leur exp\u00e9rience d&rsquo;orchestre par la pratique de la musique de chambre. C&rsquo;est \u00e0 l&rsquo;occasion de projets artistiques communs au sein [&hellip;]<\/p>\n","protected":false},"author":1,"featured_media":0,"parent":0,"menu_order":0,"comment_status":"closed","ping_status":"closed","template":"","meta":[],"_links":{"self":[{"href":"https:\/\/www.academiebach.com\/index.php\/wp-json\/wp\/v2\/pages\/569"}],"collection":[{"href":"https:\/\/www.academiebach.com\/index.php\/wp-json\/wp\/v2\/pages"}],"about":[{"href":"https:\/\/www.academiebach.com\/index.php\/wp-json\/wp\/v2\/types\/page"}],"author":[{"embeddable":true,"href":"https:\/\/www.academiebach.com\/index.php\/wp-json\/wp\/v2\/users\/1"}],"replies":[{"embeddable":true,"href":"https:\/\/www.academiebach.com\/index.php\/wp-json\/wp\/v2\/comments?post=569"}],"version-history":[{"count":11,"href":"https:\/\/www.academiebach.com\/index.php\/wp-json\/wp\/v2\/pages\/569\/revisions"}],"predecessor-version":[{"id":767,"href":"https:\/\/www.academiebach.com\/index.php\/wp-json\/wp\/v2\/pages\/569\/revisions\/767"}],"wp:attachment":[{"href":"https:\/\/www.academiebach.com\/index.php\/wp-json\/wp\/v2\/media?parent=569"}],"curies":[{"name":"wp","href":"https:\/\/api.w.org\/{rel}","templated":true}]}}

<p class="has-large-font-size">Quatuor Prométhée &#8211; Concert</p>



<p>A 20h30 en l’Église Sainte-Clotilde du Bouscat</p>


<div class="wp-block-image is-style-default">
<figure class="aligncenter size-full"><img decoding="async" loading="lazy" width="1600" height="1066" src="https://www.academiebach.com/wp-content/uploads/2024/06/PHOTO-2024-05-14-17-06-17.jpg" alt="" class="wp-image-563" srcset="https://www.academiebach.com/wp-content/uploads/2024/06/PHOTO-2024-05-14-17-06-17.jpg 1600w, https://www.academiebach.com/wp-content/uploads/2024/06/PHOTO-2024-05-14-17-06-17-300x200.jpg 300w, https://www.academiebach.com/wp-content/uploads/2024/06/PHOTO-2024-05-14-17-06-17-1024x682.jpg 1024w, https://www.academiebach.com/wp-content/uploads/2024/06/PHOTO-2024-05-14-17-06-17-768x512.jpg 768w, https://www.academiebach.com/wp-content/uploads/2024/06/PHOTO-2024-05-14-17-06-17-1536x1023.jpg 1536w, https://www.academiebach.com/wp-content/uploads/2024/06/PHOTO-2024-05-14-17-06-17-620x413.jpg 620w" sizes="(max-width: 1600px) 100vw, 1600px" /></figure></div>


<p><sub>Crédit photo : Gaëlle Hamelian-Testud</sub></p>



<p>Le<strong> Quatuor Prométhée</strong> est un ensemble de musiciens tous membres de l&rsquo;Orchestre National Bordeaux Aquitaine<strong> </strong>désireux d&rsquo;approfondir et d&rsquo;enrichir leur expérience d&rsquo;orchestre par la pratique de la musique de chambre. C&rsquo;est à l&rsquo;occasion de projets artistiques communs au sein de l&rsquo;Opéra National de Bordeaux que leurs affinités musicales évidentes ont abouti à la création de ce Quatuor qui aborde tous les styles, de Haydn jusqu&rsquo;à aujourd&rsquo;hui, avec passion et enthousiasme.</p>



<p>Depuis sa naissance en 2009, le Quatuor Prométhée donne de nombreux concerts à Bordeaux et en Aquitaine. Il participe régulièrement à divers projets comme «<em>Ma voix et toi</em>» avec les chœurs de l’Opéra National de Bordeaux, « <em>Petites musiques de nuit et le Passager</em> » avec la compagnie Florence Lavaud ou encore « <em>Quatre tendances</em> », partageant la scène avec le ballet de l’Opéra National de Bordeaux pour « <em>If to leave is to remember </em>» de Carolyn Carlson ou « <em>Cacti </em>» d’Alexander Ekman. Le Quatuor Prométhée n&rsquo;hésite pas à élargir son répertoire en s&rsquo;associant à des artistes tels que Philippe Cassard, Dag Jensen, Marc Trénel, Dominique Descamps, Thomas Duran, Sébastien Batut&#8230; et a créé en mai 2014, le Quatuor « <em>Empreintes</em> » de Baptiste Trotignon, commande de l&rsquo;Opéra National de Bordeaux. Lors de la saison 2022/2023, le quatuor Prométhée a été invité par le Quatuor Modigliani à participer au festival <em>Vibre ! </em>ainsi que dans la saison musicale de Cathédra en tant que quatuor résident pour un cycle Schubert.</p>



<p></p>



<p><strong>Programme :</strong></p>



<p>Felix Mendelssohn &#8211; Maurice Ravel</p>



<p><strong>ACHAT DES BILLETS :</strong></p>



<p>Réservation (recommandée) : <br>&#8211; via la plateforme HelloAsso : <a href="https://www.helloasso.com/associations/association-academie-bach/evenements/quatuor-promethee">Quatuor Prométhée &#8211; Concert</a><br>&#8211; à la Machine à Musique&nbsp;: 15 rue du Parlement-Sainte-Catherine, Bordeaux&nbsp;&#8211; 05 56 44 81 53<br>&#8211; sur place le soir du concert (CB acceptée)</p>



<p></p>

<p>Quatuor Prométhée &#8211; Concert A 20h30 en l’Église Sainte-Clotilde du Bouscat Crédit photo : Gaëlle Hamelian-Testud Le Quatuor Prométhée est un ensemble de musiciens tous membres de l&rsquo;Orchestre National Bordeaux Aquitaine désireux d&rsquo;approfondir et d&rsquo;enrichir leur expérience d&rsquo;orchestre par la pratique de la musique de chambre. C&rsquo;est à l&rsquo;occasion de projets artistiques communs au sein [&hellip;]</p>
